[INFO] fetching crate amadeus-parquet 0.4.2...
[INFO] building amadeus-parquet-0.4.2 against master#881c1ac408d93bb7adaa3a51dabab9266e82eee8 for issue-85264
[INFO] extracting crate amadeus-parquet 0.4.2 into /workspace/builds/worker-5/source
[INFO] validating manifest of crates.io crate amadeus-parquet 0.4.2 on toolchain 881c1ac408d93bb7adaa3a51dabab9266e82eee8
[INFO] running `Command { std: "/workspace/cargo-home/bin/cargo" "+881c1ac408d93bb7adaa3a51dabab9266e82eee8" "metadata" "--manifest-path" "Cargo.toml" "--no-deps", kill_on_drop: false }`
[INFO] started tweaking crates.io crate amadeus-parquet 0.4.2
[INFO] removed 0 missing tests
[INFO] finished tweaking crates.io crate amadeus-parquet 0.4.2
[INFO] tweaked toml for crates.io crate amadeus-parquet 0.4.2 written to /workspace/builds/worker-5/source/Cargo.toml
[INFO] running `Command { std: "/workspace/cargo-home/bin/cargo" "+881c1ac408d93bb7adaa3a51dabab9266e82eee8" "generate-lockfile" "--manifest-path" "Cargo.toml" "-Zno-index-update", kill_on_drop: false }`
[INFO] running `Command { std: "/workspace/cargo-home/bin/cargo" "+881c1ac408d93bb7adaa3a51dabab9266e82eee8" "fetch" "--manifest-path" "Cargo.toml", kill_on_drop: false }`
[INFO] running `Command { std: "docker" "create" "-v" "/var/lib/crater-agent-workspace/builds/worker-5/target:/opt/rustwide/target:rw,Z" "-v" "/var/lib/crater-agent-workspace/builds/worker-5/source:/opt/rustwide/workdir:ro,Z" "-v" "/var/lib/crater-agent-workspace/cargo-home:/opt/rustwide/cargo-home:ro,Z" "-v" "/var/lib/crater-agent-workspace/rustup-home:/opt/rustwide/rustup-home:ro,Z" "-e" "SOURCE_DIR=/opt/rustwide/workdir" "-e" "CARGO_TARGET_DIR=/opt/rustwide/target" "-e" "CARGO_HOME=/opt/rustwide/cargo-home" "-e" "RUSTUP_HOME=/opt/rustwide/rustup-home" "-w" "/opt/rustwide/workdir" "-m" "1610612736" "--user" "0:0" "--network" "none" "ghcr.io/rust-lang/crates-build-env/linux@sha256:20528e8c29e4536546f0102ce88568b16ea7538393a33fcca951030f7af10457" "/opt/rustwide/cargo-home/bin/cargo" "+881c1ac408d93bb7adaa3a51dabab9266e82eee8" "metadata" "--no-deps" "--format-version=1", kill_on_drop: false }`
[INFO] [stdout] 9b173d8f6152f441a3e8844c27e25518edad02cde6f94e498f322ec4d882cf98
[INFO] [stderr] WARNING: Your kernel does not support swap limit capabilities or the cgroup is not mounted. Memory limited without swap.
[INFO] running `Command { std: "docker" "start" "-a" "9b173d8f6152f441a3e8844c27e25518edad02cde6f94e498f322ec4d882cf98", kill_on_drop: false }`
[INFO] running `Command { std: "docker" "inspect" "9b173d8f6152f441a3e8844c27e25518edad02cde6f94e498f322ec4d882cf98", kill_on_drop: false }`
[INFO] running `Command { std: "docker" "rm" "-f" "9b173d8f6152f441a3e8844c27e25518edad02cde6f94e498f322ec4d882cf98", kill_on_drop: false }`
[INFO] [stdout] 9b173d8f6152f441a3e8844c27e25518edad02cde6f94e498f322ec4d882cf98
[INFO] running `Command { std: "docker" "create" "-v" "/var/lib/crater-agent-workspace/builds/worker-5/target:/opt/rustwide/target:rw,Z" "-v" "/var/lib/crater-agent-workspace/builds/worker-5/source:/opt/rustwide/workdir:ro,Z" "-v" "/var/lib/crater-agent-workspace/cargo-home:/opt/rustwide/cargo-home:ro,Z" "-v" "/var/lib/crater-agent-workspace/rustup-home:/opt/rustwide/rustup-home:ro,Z" "-e" "SOURCE_DIR=/opt/rustwide/workdir" "-e" "CARGO_TARGET_DIR=/opt/rustwide/target" "-e" "CARGO_INCREMENTAL=0" "-e" "RUST_BACKTRACE=full" "-e" "RUSTFLAGS=--cap-lints=forbid" "-e" "CARGO_HOME=/opt/rustwide/cargo-home" "-e" "RUSTUP_HOME=/opt/rustwide/rustup-home" "-w" "/opt/rustwide/workdir" "-m" "1610612736" "--user" "0:0" "--network" "none" "ghcr.io/rust-lang/crates-build-env/linux@sha256:20528e8c29e4536546f0102ce88568b16ea7538393a33fcca951030f7af10457" "/opt/rustwide/cargo-home/bin/cargo" "+881c1ac408d93bb7adaa3a51dabab9266e82eee8" "build" "--frozen" "--message-format=json", kill_on_drop: false }`
[INFO] [stdout] 7e0e427a1aad9169b6bef15f6c9ed00287391fe8d17c1000672a3b2a9e307495
[INFO] [stderr] WARNING: Your kernel does not support swap limit capabilities or the cgroup is not mounted. Memory limited without swap.
[INFO] running `Command { std: "docker" "start" "-a" "7e0e427a1aad9169b6bef15f6c9ed00287391fe8d17c1000672a3b2a9e307495", kill_on_drop: false }`
[INFO] [stderr]    Compiling syn v1.0.72
[INFO] [stderr]    Compiling rustversion v1.0.5
[INFO] [stderr]    Compiling getrandom v0.1.16
[INFO] [stderr]    Compiling ppv-lite86 v0.2.10
[INFO] [stderr]    Compiling futures-core v0.3.15
[INFO] [stderr]    Compiling futures-channel v0.3.15
[INFO] [stderr]    Compiling proc-macro-nested v0.1.7
[INFO] [stderr]    Compiling regex-syntax v0.6.25
[INFO] [stderr]    Compiling futures-sink v0.3.15
[INFO] [stderr]    Compiling tinyvec_macros v0.1.0
[INFO] [stderr]    Compiling matches v0.1.8
[INFO] [stderr]    Compiling pin-utils v0.1.0
[INFO] [stderr]    Compiling pin-project-internal v0.4.28
[INFO] [stderr]    Compiling byteorder v1.4.3
[INFO] [stderr]    Compiling hashbrown v0.9.1
[INFO] [stderr]    Compiling replace_with v0.1.7
[INFO] [stderr]    Compiling bytes v0.5.6
[INFO] [stderr]    Compiling alloc-no-stdlib v2.0.1
[INFO] [stderr]    Compiling ahash v0.3.8
[INFO] [stderr]    Compiling zstd-safe v2.0.6+zstd.1.4.7
[INFO] [stderr]    Compiling snap v1.0.5
[INFO] [stderr]    Compiling widestring v0.4.3
[INFO] [stderr]    Compiling integer-encoding v1.1.7
[INFO] [stderr]    Compiling num-traits v0.2.14
[INFO] [stderr]    Compiling num-integer v0.1.44
[INFO] [stderr]    Compiling futures-macro v0.3.15
[INFO] [stderr]    Compiling num-bigint v0.4.0
[INFO] [stderr]    Compiling futures-util v0.3.15
[INFO] [stderr]    Compiling hashbrown v0.7.2
[INFO] [stderr]    Compiling indexmap v1.6.2
[INFO] [stderr]    Compiling num-bigint v0.3.2
[INFO] [stderr]    Compiling crc32fast v1.2.1
[INFO] [stderr]    Compiling jobserver v0.1.22
[INFO] [stderr]    Compiling getrandom v0.2.3
[INFO] [stderr]    Compiling tinyvec v1.2.0
[INFO] [stderr]    Compiling recycle v0.1.0
[INFO] [stderr]    Compiling unicode-bidi v0.3.5
[INFO] [stderr]    Compiling form_urlencoded v1.0.1
[INFO] [stderr]    Compiling threadpool v1.8.1
[INFO] [stderr]    Compiling alloc-stdlib v0.2.1
[INFO] [stderr]    Compiling flate2 v1.0.20
[INFO] [stderr]    Compiling rand_core v0.6.2
[INFO] [stderr]    Compiling cc v1.0.68
[INFO] [stderr]    Compiling brotli-decompressor v2.3.1
[INFO] [stderr]    Compiling tokio v0.2.25
[INFO] [stderr]    Compiling fxhash v0.2.1
[INFO] [stderr]    Compiling rand_chacha v0.3.0
[INFO] [stderr]    Compiling rand_core v0.5.1
[INFO] [stderr]    Compiling hashlink v0.5.1
[INFO] [stderr]    Compiling rand v0.8.3
[INFO] [stderr]    Compiling unicode-normalization v0.1.18
[INFO] [stderr]    Compiling rand_pcg v0.2.1
[INFO] [stderr]    Compiling rand_chacha v0.2.2
[INFO] [stderr]    Compiling rand v0.7.3
[INFO] [stderr]    Compiling ordered-float v1.1.1
[INFO] [stderr]    Compiling regex v1.5.4
[INFO] [stderr]    Compiling serde_closure v0.3.2
[INFO] [stderr]    Compiling amadeus-streaming v0.4.2
[INFO] [stderr]    Compiling amadeus-core v0.4.2
[INFO] [stderr]    Compiling amadeus-types v0.4.2
[INFO] [stderr]    Compiling amadeus-parquet v0.4.2 (/opt/rustwide/workdir)
[INFO] [stderr]    Compiling brotli v3.3.0
[INFO] [stderr]    Compiling ordered-float v2.5.0
[INFO] [stderr]    Compiling thrift v0.13.0
[INFO] [stderr]    Compiling twox-hash v1.6.0
[INFO] [stderr]    Compiling idna v0.2.3
[INFO] [stderr]    Compiling parse-zoneinfo v0.3.0
[INFO] [stderr]    Compiling chrono-tz v0.5.3
[INFO] [stderr]    Compiling serde_derive v1.0.126
[INFO] [stderr]    Compiling serde_closure_derive v0.3.2
[INFO] [stderr]    Compiling enum-ordinalize v3.1.10
[INFO] [stderr]    Compiling delegate-attr v0.2.9
[INFO] [stderr]    Compiling fehler-macros v1.0.0
[INFO] [stderr]    Compiling async-trait v0.1.50
[INFO] [stderr]    Compiling thiserror-impl v1.0.25
[INFO] [stderr]    Compiling derive-new v0.5.9
[INFO] [stderr]    Compiling owned_chars v0.3.2
[INFO] [stderr]    Compiling educe v0.4.16
[INFO] [stderr]    Compiling thiserror v1.0.25
[INFO] [stderr]    Compiling pin-project v0.4.28
[INFO] [stderr]    Compiling fehler v1.0.0
[INFO] [stderr]    Compiling lz-fear v0.1.1
[INFO] [stderr]    Compiling futures-executor v0.3.15
[INFO] [stderr]    Compiling futures v0.3.15
[INFO] [stderr]    Compiling serde v1.0.126
[INFO] [stderr]    Compiling either v1.6.1
[INFO] [stderr]    Compiling chrono v0.4.19
[INFO] [stderr]    Compiling sum v0.1.7
[INFO] [stderr]    Compiling multimap v0.8.3
[INFO] [stderr]    Compiling url v2.2.2
[INFO] [stderr]    Compiling itertools v0.9.0
[INFO] [stderr]    Compiling zstd-sys v1.4.18+zstd.1.4.7
[INFO] [stderr]    Compiling zstd v0.5.4+zstd.1.4.7
[INFO] [stdout] error[E0658]: `impl Trait` in type aliases is unstable
[INFO] [stdout]   --> src/internal/file/reader.rs:95:24
[INFO] [stdout]    |
[INFO] [stdout] 95 |     type RowGroupReader = impl RowGroupReader;
[INFO] [stdout]    |                           ^^^^^^^^^^^^^^^^^^^
[INFO] [stdout]    |
[INFO] [stdout]    = note: see issue #63063 <https://github.com/rust-lang/rust/issues/63063> for more information
[INFO] [stdout]    = help: add `#![feature(min_type_alias_impl_trait)]` to the crate attributes to enable
[INFO] [stdout] 
[INFO] [stdout] 
[INFO] [stdout] error[E0658]: `impl Trait` in type aliases is unstable
[INFO] [stdout]   --> src/internal/record/impls.rs:53:16
[INFO] [stdout]    |
[INFO] [stdout] 53 |     type Reader = impl Reader<Item = Self>;
[INFO] [stdout]    |                   ^^^^^^^^^^^^^^^^^^^^^^^^
[INFO] [stdout]    |
[INFO] [stdout]    = note: see issue #63063 <https://github.com/rust-lang/rust/issues/63063> for more information
[INFO] [stdout]    = help: add `#![feature(min_type_alias_impl_trait)]` to the crate attributes to enable
[INFO] [stdout] 
[INFO] [stdout] 
[INFO] [stdout] error[E0658]: `impl Trait` in type aliases is unstable
[INFO] [stdout]   --> src/internal/record/impls.rs:75:16
[INFO] [stdout]    |
[INFO] [stdout] 75 |     type Reader = impl Reader<Item = Self>;
[INFO] [stdout]    |                   ^^^^^^^^^^^^^^^^^^^^^^^^
[INFO] [stdout]    |
[INFO] [stdout]    = note: see issue #63063 <https://github.com/rust-lang/rust/issues/63063> for more information
[INFO] [stdout]    = help: add `#![feature(min_type_alias_impl_trait)]` to the crate attributes to enable
[INFO] [stdout] 
[INFO] [stdout] 
[INFO] [stdout] error[E0658]: `impl Trait` in type aliases is unstable
[INFO] [stdout]    --> src/internal/record/impls.rs:100:16
[INFO] [stdout]     |
[INFO] [stdout] 100 |     type Reader = impl Reader<Item = Self>;
[INFO] [stdout]     |                   ^^^^^^^^^^^^^^^^^^^^^^^^
[INFO] [stdout]     |
[INFO] [stdout]     = note: see issue #63063 <https://github.com/rust-lang/rust/issues/63063> for more information
[INFO] [stdout]     = help: add `#![feature(min_type_alias_impl_trait)]` to the crate attributes to enable
[INFO] [stdout] 
[INFO] [stdout] 
[INFO] [stdout] error[E0658]: `impl Trait` in type aliases is unstable
[INFO] [stdout]    --> src/internal/record/impls.rs:122:16
[INFO] [stdout]     |
[INFO] [stdout] 122 |     type Reader = impl Reader<Item = Self>;
[INFO] [stdout]     |                   ^^^^^^^^^^^^^^^^^^^^^^^^
[INFO] [stdout]     |
[INFO] [stdout]     = note: see issue #63063 <https://github.com/rust-lang/rust/issues/63063> for more information
[INFO] [stdout]     = help: add `#![feature(min_type_alias_impl_trait)]` to the crate attributes to enable
[INFO] [stdout] 
[INFO] [stdout] 
[INFO] [stdout] error[E0658]: `impl Trait` in type aliases is unstable
[INFO] [stdout]    --> src/internal/record/impls.rs:247:16
[INFO] [stdout]     |
[INFO] [stdout] 247 |     type Reader = impl Reader<Item = Self>;
[INFO] [stdout]     |                   ^^^^^^^^^^^^^^^^^^^^^^^^
[INFO] [stdout]     |
[INFO] [stdout]     = note: see issue #63063 <https://github.com/rust-lang/rust/issues/63063> for more information
[INFO] [stdout]     = help: add `#![feature(min_type_alias_impl_trait)]` to the crate attributes to enable
[INFO] [stdout] 
[INFO] [stdout] 
[INFO] [stdout] error[E0658]: `impl Trait` in type aliases is unstable
[INFO] [stdout]    --> src/internal/record/impls.rs:667:16
[INFO] [stdout]     |
[INFO] [stdout] 667 |     type Reader = impl Reader<Item = Self>;
[INFO] [stdout]     |                   ^^^^^^^^^^^^^^^^^^^^^^^^
[INFO] [stdout]     |
[INFO] [stdout]     = note: see issue #63063 <https://github.com/rust-lang/rust/issues/63063> for more information
[INFO] [stdout]     = help: add `#![feature(min_type_alias_impl_trait)]` to the crate attributes to enable
[INFO] [stdout] 
[INFO] [stdout] 
[INFO] [stdout] error[E0658]: `impl Trait` in type aliases is unstable
[INFO] [stdout]    --> src/internal/record/impls.rs:913:16
[INFO] [stdout]     |
[INFO] [stdout] 913 |     type Reader = impl Reader<Item = Self>;
[INFO] [stdout]     |                   ^^^^^^^^^^^^^^^^^^^^^^^^
[INFO] [stdout]     |
[INFO] [stdout]     = note: see issue #63063 <https://github.com/rust-lang/rust/issues/63063> for more information
[INFO] [stdout]     = help: add `#![feature(min_type_alias_impl_trait)]` to the crate attributes to enable
[INFO] [stdout] 
[INFO] [stdout] 
[INFO] [stdout] error[E0658]: `impl Trait` in type aliases is unstable
[INFO] [stdout]    --> src/internal/record/impls.rs:959:16
[INFO] [stdout]     |
[INFO] [stdout] 959 |     type Reader = impl Reader<Item = Self>;
[INFO] [stdout]     |                   ^^^^^^^^^^^^^^^^^^^^^^^^
[INFO] [stdout]     |
[INFO] [stdout]     = note: see issue #63063 <https://github.com/rust-lang/rust/issues/63063> for more information
[INFO] [stdout]     = help: add `#![feature(min_type_alias_impl_trait)]` to the crate attributes to enable
[INFO] [stdout] 
[INFO] [stdout] 
[INFO] [stdout] error[E0658]: `impl Trait` in type aliases is unstable
[INFO] [stdout]     --> src/internal/record/impls.rs:29:18
[INFO] [stdout]      |
[INFO] [stdout] 29   |               type Reader = impl Reader<Item = Self>;
[INFO] [stdout]      |                             ^^^^^^^^^^^^^^^^^^^^^^^^
[INFO] [stdout] ...
[INFO] [stdout] 1161 | / via_string!(
[INFO] [stdout] 1162 | |     "Corresponds to string `%:z OR name`" Timezone
[INFO] [stdout] 1163 | |     "Corresponds to string `%Y-%m-%d`" DateWithoutTimezone
[INFO] [stdout] 1164 | |     "Corresponds to RFC 3339 and ISO 8601 string `%H:%M:%S%.9f%:z`" TimeWithoutTimezone
[INFO] [stdout] 1165 | |     "Corresponds to RFC 3339 and ISO 8601 string `%Y-%m-%dT%H:%M:%S%.9f%:z`" DateTimeWithoutTimezone
[INFO] [stdout] 1166 | | );
[INFO] [stdout]      | |__- in this macro invocation
[INFO] [stdout]      |
[INFO] [stdout]      = note: see issue #63063 <https://github.com/rust-lang/rust/issues/63063> for more information
[INFO] [stdout]      = help: add `#![feature(min_type_alias_impl_trait)]` to the crate attributes to enable
[INFO] [stdout]      = note: this error originates in a macro (in Nightly builds, run with -Z macro-backtrace for more info)
[INFO] [stdout] 
[INFO] [stdout] 
[INFO] [stdout] error[E0658]: `impl Trait` in type aliases is unstable
[INFO] [stdout]     --> src/internal/record/impls.rs:1175:16
[INFO] [stdout]      |
[INFO] [stdout] 1175 |     type Reader = impl Reader<Item = Self>;
[INFO] [stdout]      |                   ^^^^^^^^^^^^^^^^^^^^^^^^
[INFO] [stdout]      |
[INFO] [stdout]      = note: see issue #63063 <https://github.com/rust-lang/rust/issues/63063> for more information
[INFO] [stdout]      = help: add `#![feature(min_type_alias_impl_trait)]` to the crate attributes to enable
[INFO] [stdout] 
[INFO] [stdout] 
[INFO] [stdout] error[E0658]: `impl Trait` in type aliases is unstable
[INFO] [stdout]     --> src/internal/record/impls.rs:1219:16
[INFO] [stdout]      |
[INFO] [stdout] 1219 |     type Reader = impl Reader<Item = Self>;
[INFO] [stdout]      |                   ^^^^^^^^^^^^^^^^^^^^^^^^
[INFO] [stdout]      |
[INFO] [stdout]      = note: see issue #63063 <https://github.com/rust-lang/rust/issues/63063> for more information
[INFO] [stdout]      = help: add `#![feature(min_type_alias_impl_trait)]` to the crate attributes to enable
[INFO] [stdout] 
[INFO] [stdout] 
[INFO] [stdout] error[E0658]: `impl Trait` in type aliases is unstable
[INFO] [stdout]     --> src/internal/record/impls.rs:1299:16
[INFO] [stdout]      |
[INFO] [stdout] 1299 |     type Reader = impl Reader<Item = Self>;
[INFO] [stdout]      |                   ^^^^^^^^^^^^^^^^^^^^^^^^
[INFO] [stdout]      |
[INFO] [stdout]      = note: see issue #63063 <https://github.com/rust-lang/rust/issues/63063> for more information
[INFO] [stdout]      = help: add `#![feature(min_type_alias_impl_trait)]` to the crate attributes to enable
[INFO] [stdout] 
[INFO] [stdout] 
[INFO] [stdout] error[E0658]: `impl Trait` in type aliases is unstable
[INFO] [stdout]     --> src/internal/record/impls.rs:29:18
[INFO] [stdout]      |
[INFO] [stdout] 29   |               type Reader = impl Reader<Item = Self>;
[INFO] [stdout]      |                             ^^^^^^^^^^^^^^^^^^^^^^^^
[INFO] [stdout] ...
[INFO] [stdout] 2070 | / via_string!(
[INFO] [stdout] 2071 | |     "" Webpage<'static>
[INFO] [stdout] 2072 | |     "" Url
[INFO] [stdout] 2073 | |     "" IpAddr
[INFO] [stdout] 2074 | | );
[INFO] [stdout]      | |__- in this macro invocation
[INFO] [stdout]      |
[INFO] [stdout]      = note: see issue #63063 <https://github.com/rust-lang/rust/issues/63063> for more information
[INFO] [stdout]      = help: add `#![feature(min_type_alias_impl_trait)]` to the crate attributes to enable
[INFO] [stdout]      = note: this error originates in a macro (in Nightly builds, run with -Z macro-backtrace for more info)
[INFO] [stdout] 
[INFO] [stdout] 
[INFO] [stdout] error[E0658]: `impl Trait` in type aliases is unstable
[INFO] [stdout]    --> src/lib.rs:110:4
[INFO] [stdout]     |
[INFO] [stdout] 110 |             impl amadeus_core::par_stream::ParallelStream<Item = Result<Self::Item, Self::Error>>;
[INFO] [stdout]     |             ^^^^^^^^^^^^^^^^^^^^^^^^^^^^^^^^^^^^^^^^^^^^^^^^^^^^^^^^^^^^^^^^^^^^^^^^^^^^^^^^^^^^^
[INFO] [stdout]     |
[INFO] [stdout]     = note: see issue #63063 <https://github.com/rust-lang/rust/issues/63063> for more information
[INFO] [stdout]     = help: add `#![feature(min_type_alias_impl_trait)]` to the crate attributes to enable
[INFO] [stdout] 
[INFO] [stdout] 
[INFO] [stdout] error[E0658]: `impl Trait` in type aliases is unstable
[INFO] [stdout]    --> src/lib.rs:111:21
[INFO] [stdout]     |
[INFO] [stdout] 111 |         type DistStream = impl DistributedStream<Item = Result<Self::Item, Self::Error>>;
[INFO] [stdout]     |                           ^^^^^^^^^^^^^^^^^^^^^^^^^^^^^^^^^^^^^^^^^^^^^^^^^^^^^^^^^^^^^^
[INFO] [stdout]     |
[INFO] [stdout]     = note: see issue #63063 <https://github.com/rust-lang/rust/issues/63063> for more information
[INFO] [stdout]     = help: add `#![feature(min_type_alias_impl_trait)]` to the crate attributes to enable
[INFO] [stdout] 
[INFO] [stdout] 
[INFO] [stdout] error: aborting due to 16 previous errors
[INFO] [stdout] 
[INFO] [stdout] 
[INFO] [stdout] For more information about this error, try `rustc --explain E0658`.
[INFO] [stdout] 
[INFO] [stderr] error: could not compile `amadeus-parquet`
[INFO] [stderr] 
[INFO] [stderr] To learn more, run the command again with --verbose.
[INFO] running `Command { std: "docker" "inspect" "7e0e427a1aad9169b6bef15f6c9ed00287391fe8d17c1000672a3b2a9e307495", kill_on_drop: false }`
[INFO] running `Command { std: "docker" "rm" "-f" "7e0e427a1aad9169b6bef15f6c9ed00287391fe8d17c1000672a3b2a9e307495", kill_on_drop: false }`
[INFO] [stdout] 7e0e427a1aad9169b6bef15f6c9ed00287391fe8d17c1000672a3b2a9e307495
